alse
Is 424656966 a multiple of 17?
False
Does 36 divide 85199553?
False
Does 14 divide 296943276?
True
Does 371 divide 15853257?
False
Does 29 divide 119283322?
True
Is 894 a factor of 752098062?
True
Is 411976056 a multiple of 296?
True
Is 131407008 a multiple of 7446?
True
Is 821 a factor of 292706204?
True
Is 19 a factor of 72326843?
False
Does 668 divide 917449904?
True
Is 21 a factor of 3784900602?
True
Does 44 divide 29533268?
False
Is 352 a factor of 104149862?
False
Is 522921114 a multiple of 333?
False
Does 22 divide 481872776?
True
Does 319 divide 16940088?
False
Is 4 a factor of 721514632?
True
Is 22805892 a multiple of 6?
True
Is 4 a factor of 1424398550?
False
Does 118 divide 1439378697?
False
Is 7 a factor of 7710934?
True
Is 790865444 a multiple of 27?
False
Does 678 divide 12916579?
False
Is 1581 a factor of 304407683?
False
Is 15 a factor of 834496635?
True
Is 29248907 a multiple of 29?
True
Is 70 a factor of 298698841?
False
Is 184539353 a multiple of 16?
False
Does 17 divide 20855328?
True
Is 4 a factor of 74709733?
False
Is 1047750 a multiple of 165?
True
Is 37035466 a multiple of 1019?
False
Is 59 a factor of 164499490?
False
Is 66 a factor of 713706?
False
Is 1001 a factor of 664842991?
False
Is 10 a factor of 71246730?
True
Is 45 a factor of 4315175729?
False
Is 290249584 a multiple of 1219?
False
Is 1691430961 a multiple of 872?
False
Does 120 divide 2322827954?
False
Is 2 a factor of 2370898?
True
Is 64741892 a multiple of 19?
True
Is 1084735575 a multiple of 5423?
True
Is 20198083 a multiple of 11?
False
Is 10 a factor of 901162206?
False
Does 337 divide 1662589837?
True
Is 2669 a factor of 33197022?
True
Does 16 divide 107305775?
False
Does 11 divide 24934427?
False
Does 279 divide 1749051?
True
Does 42 divide 8542178?
False
Is 209509101 a multiple of 9?
True
Is 121 a factor of 209226204?
False
Does 158 divide 256997985?
False
Does 9 divide 385457224?
False
Is 368462508 a multiple of 2176?
False
Is 3325524615 a multiple of 35?
True
Is 68 a factor of 1275040278?
False
Does 2632 divide 459711280?
False
Does 44 divide 2791404?
True
Does 31 divide 861742973?
False
Is 3973 a factor of 111548630?
False
Is 41309580 a multiple of 15?
True
Is 108802980 a multiple of 75?
False
Does 119 divide 18202289?
False
Is 15784269 a multiple of 2?
False
Is 222622786 a multiple of 34?
True
Is 94668610 a multiple of 5283?
False
Is 1184740 a multiple of 370?
True
Is 77 a factor of 36700261?
False
Is 156 a factor of 2299351548?
True
Is 147182250 a multiple of 1010?
True
Is 105227880 a multiple of 40?
True
Does 1175 divide 2561353125?
True
Does 8 divide 34687898?
False
Is 1155 a factor of 92425161?
False
Does 943 divide 1444787240?
False
Is 145867485 a multiple of 9?
False
Does 26 divide 59491455?
False
Is 600822224 a multiple of 20?
False
Does 686 divide 226128?
False
Is 194013792 a multiple of 1377?
True
Is 17 a factor of 6541271?
False
Is 13 a factor of 16171655?
False
Does 74 divide 1514632?
True
Does 121 divide 15977792?
False
Is 6 a factor of 103105461?
False
Is 361 a factor of 2148672?
True
Is 2506644 a multiple of 21?
True
Is 476 a factor of 16438184?
True
Is 28149156 a multiple of 18?
True
Is 8 a factor of 209060034?
False
Does 739 divide 11205510?
False
Is 77694970 a multiple of 52?
False
Does 334 divide 457505707?
False
Does 1570 divide 54816550?
True
Does 2826 divide 320293188?
True
Is 52 a factor of 331382202?
False
Does 55 divide 505165893?
False
Does 46 divide 2598952025?
False
Does 140 divide 17253100?
False
Does 4036 divide 1777437396?
False
Is 4499236221 a multiple of 4583?
False
Does 5 divide 152357541?
False
Is 69938829 a multiple of 541?
False
Is 116158560 a multiple of 382?
True
Does 443 divide 12749540?
True
Does 17 divide 20665778?
True
Does 159 divide 87662595?
False
Is 34 a factor of 419638404?
True
Is 84096478 a multiple of 194?
True
Is 97759819 a multiple of 2682?
False
Is 4648122 a multiple of 38?
True
Is 1052389559 a multiple of 30?
False
Does 1174 divide 454894476?
True
Is 3107 a factor of 37862680?
False
Does 27 divide 47955483?
True
Does 36 divide 173920291?
False
Is 1481615205 a multiple of 21?
True
Does 5838 divide 903780780?
True
Does 794 divide 5716853?
False
Does 6 divide 81792223?
False
Does 1484 divide 405560122?
False
Is 48 a factor of 2078005536?
True
Is 2579444 a multiple of 17?
True
Is 2685 a factor of 4569870?
True
Is 819 a factor of 222278060?
False
Is 733 a factor of 5479751138?
True
Is 110484709 a multiple of 49?
False
Is 3367863030 a multiple of 35?
True
Does 22 divide 11976360?
True
Does 65 divide 1745587935?
True
Is 618082362 a multiple of 6?
True
Is 3 a factor of 81895453?
False
Is 2153 a factor of 45583410?
False
Is 153 a factor of 6360940?
False
Is 21 a factor of 5582806341?
True
Is 5 a factor of 241670?
True
Is 7315 a factor of 481238488?
False
Is 731 a factor of 72541516?
True
Is 13 a factor of 484190434?
True
Is 3 a factor of 148415882?
False
Is 3769 a factor of 25323911?
True
Is 2273121501 a multiple of 4802?
False
Does 997 divide 2493967584?
True
Does 228 divide 98871288?
True
Is 751 a factor of 41603771?
False
Is 314209719 a multiple of 3755?
False
Does 408 divide 777666170?
False
Is 157366356 a multiple of 15?
False
Is 24 a factor of 275644200?
True
Is 57 a factor of 24277782?
True
Is 471910229 a multiple of 5704?
False
Is 2020693349 a multiple of 5?
False
Is 6 a factor of 1979436?
True
Is 10 a factor of 35586820?
True
Is 28 a factor of 4379649?
False
Is 146 a factor of 4089898?
True
Is 69916770 a multiple of 38?
True
Is 14635086 a multiple of 14?
False
Does 50 divide 2268680300?
True
Is 66 a factor of 45240360?
True
Is 56056305 a multiple of 43?
True
Is 1980 a factor of 194266239?
False
Does 1617 divide 88403007?
True
Does 3 divide 51494411?
False
Is 137 a factor of 219441689?
False
Is 338922342 a multiple of 46?
True
Is 9709129 a multiple of 210?
False
Does 922 divide 93239094?
True
Does 38 divide 3286848922?
False
Is 700 a factor of 10847200?
True
Does 20 divide 942635?
False
Is 60194140 a multiple of 268?
True
Is 1416 a factor of 23160096?
True
Is 596226970 a multiple of 625?
False
Does 1289 divide 442798393?
False
Is 11 a factor of 95563787?
True
Does 2 divide 14968392?
True
Is 16 a factor of 15051168?
True
Is 460385092 a multiple of 4737?
False
Is 7127365 a multiple of 7?
True
Is 327522528 a multiple of 72?
True
Is 11637 a multiple of 9?
True
Does 398 divide 12265564?
True
Does 3 divide 259371733?
False
Does 6 divide 85273404?
True
Is 2999 a factor of 313575440?
True
Is 65 a factor of 204652719?
False
Is 4579796268 a multiple of 3915?
False
Is 866859448 a multiple of 7384?
True
Is 16 a factor of 5283713?
False
Is 288940746 a multiple of 502?
False
Does 563 divide 1253801?
True
Is 6 a factor of 10081959?
False
Is 47529493 a multiple of 2?
False
Is 50 a factor of 591670400?
True
Does 51 divide 539163177?
True
Is 19 a factor of 2408047018?
False
Is 31720808 a multiple of 2080?
False
Is 671 a factor of 2683329?
True
Does 504 divide 3667382540?
False
Is 1351405724 a multiple of 296?
False
Is 161935814 a multiple of 81?
False
Is 810 a factor of 218682180?
True
Does 8570 divide 539598862?
False
Is 154 a factor of 218232071?
False
Is 1721 a factor of 1139412144?
True
Is 112195068 a multiple of 1845?
False
Is 301 a factor of 3934513674?
True
Is 261 a factor of 148185920?
False
Is 66 a factor of 26584338?
True
Is 536 a factor of 362861931?
False
Is 197780164 a multiple of 2?
True
Does 148 divide 25315049?
False
Is 428 a factor of 81185180?
True
Does 16 divide 758353408?
True
Does 4019 divide 30379621?
True
Is 19 a factor of 1226438220?
True
Is 122 a factor of 6879336?
True
Is 70 a factor of 19034789?
False
Does 3 divide 134915?
False
Is 372 a factor of 322711116?
True
Does 2806 divide 772171916?
True
Does 13 divide 2837817259?
False
Is 220635 a multiple of 3?
True
Is 138 a factor of 395203158?
True
Is 227681702 a multiple of 14?
False
Is 6626933 a multiple of 493?
False
Is 99020892 a multiple of 3?
True
Is 201 a factor of 71664241?
False
Is 56355350 a multiple of 25?
True
Is 1027 a factor of 1972867?
True
Is 622110639 a multiple of 158?
False
Is 207285672 a multiple of 6?
True
Does 597 divide 108602061?
True
Is 37 a factor of 955849032?
False
Is 69 a factor of 13191953?
False
Is 6